q be w(n). Suppose -2 = 2*p, -s - 5 + 20 = -5*p. Calculate the greatest common factor of q and s.
10
Let b(r) = -r**3 + 3*r**2 - 3*r + 19. Let n be b(3). Calculate the highest common divisor of 320 and n.
10
Suppose 0 = -5*y + 2*w + 42, 4*y - 4*w + 11 - 35 = 0. Suppose -16 = -3*v - v. Suppose -2 = v*g - y. Calculate the highest common divisor of g and 4.
2
Suppose 0 = 2*a - 2*p - 10, -3*a + 6*p = 4*p - 18. Calculate the highest common divisor of 24 and a.
8
Suppose -45 = -5*n + 195. Suppose q + 93 = 3*k, -q - 61 = 4*k - 6*k. What is the greatest common divisor of n and k?
16
Suppose 2705 = 19*q - 791. Calculate the highest common divisor of q and 24.
8
Let t = 4 + -2. Suppose -t*y - y = -345. Suppose 5*q = 5*s + 110, 3 = 4*s - s. Calculate the highest common divisor of y and q.
23
Suppose -31 = 3*n - 112. Suppose -l - l = -10*l. Suppose l*o - 2*o = 3*i - 27, 3*o - 4*i = 66. Calculate the highest common factor of n and o.
9
Let l be (12/(-7))/(((-200)/(-336))/(-25)). Calculate the greatest common divisor of l and 66.
6
Let z be ((-6)/4)/((-54)/(-24) - 3). Suppose 2*s + s - z*u - 30 = 0, -u - 57 = -5*s. Suppose -33 = -f + 87. What is the greatest common factor of s and f?
12
Let m = 14 + -12. Suppose -m*z = -0*t + 5*t + 6, 5*t = z - 12. Let i be 11/(t*(-3)/66). What is the highest common factor of i and 11?
11
Suppose 12*y - 788 = -44. Let k(d) = 4*d**3 + 10*d**2 - 7*d - 7. Let o be k(-9). Let t be 2/(-11) + o/(-22). Calculate the highest common factor of y and t.
31
Let t be 2 + (-3)/12 + (-2)/(-8). Suppose 0 = 16*a + t*a - 270. Calculate the greatest common divisor of 5 and a.
5
Let z(s) = -s**3 - 6*s**2 - 9*s - 1. Let j be z(-4). What is the highest common factor of 3 and j?
3
Let s = -1704 - -3202. Calculate the highest common divisor of 14 and s.
14
Let b = 5 - 3. Suppose -5*v + 3 = -b. Let h be -2*v/2 + 10. What is the greatest common divisor of h and 90?
9
Let l = -255 + 395. Let r(g) = 7*g + 14. Let q be r(-6). Let n = q - -48. What is the greatest common factor of n and l?
20
Suppose 4*i = -w + 15, 8*w - 24 = 3*w - 3*i. Suppose 0 = -w*y - 26 + 104. Suppose -23*j = -14*j - 351. Calculate the greatest common factor of j and y.
13
Suppose l + 4*d - d - 867 = 0, 2*d + 3398 = 4*l. Let x = -444 + l. Suppose g + 5*i = i + 124, 3*g = -3*i + x. Calculate the highest common factor of 14 and g.
14
Let a(g) = g**2 + g - 3. Let i be a(-3). Let n(h) = -17*h + 57. Let l be n(7). Let t = l + 71. What is the highest common divisor of t and i?
3
Let p = 21 + -8. Let w(h) = -h**2 - 28*h - 62. Let g be w(-25). Calculate the greatest common divisor of p and g.
13
Suppose 4*j - 317 = -2*r + 81, -4*r = -j + 77. Calculate the highest common divisor of j and 194.
97
Let i(n) = -18*n**3 - n**2 - n - 1. Let f be i(-1). Let x = f - 12. Let l be 2/x + (-23)/(-5). What is the highest common factor of 5 and l?
5
Let a(q) = -q**3 - 3*q**2 + q + 7. Let f be a(0). Let p be (49/5)/f + (-2)/5. Calculate the highest common factor of 4 and p.
1
Let u = 26 + -16. Suppose -u*s = -5*s - 60. Calculate the highest common divisor of 96 and s.
12
Let c(q) = -q**3 - 3*q**2 + 3*q + 6. Let i be c(-4). Let h be 36/20*i/3. Calculate the highest common divisor of h and 12.
6
Let i(x) = 3*x**2 - 3*x + 3. Let g be i(2). Calculate the greatest common divisor of g and 369.
9
Let z = 42 + -47. Let m = z - -8. Calculate the greatest common factor of 12 and m.
3
Let a(k) = -k - 1. Let i be a(-3). Suppose -16 = -2*b - i*b. Suppose -3*v = -2*r + 4 - 48, -5*r + 51 = b*v. What is the greatest common factor of v and 154?
14
Let o(l) = -l**3 + 18*l**2 + 47*l - 41. Let q be o(20). What is the highest common factor of 231 and q?
33
Let d(l) = -l**3 + 4*l**2 + 3*l - 4. Let s be d(4). Suppose -3*g = -12 + 6. Suppose r = 14 + g. Calculate the greatest common divisor of s and r.
8
Let s = -6254 - -6263. Let n be (36/(-14))/((-3)/21). What is the highest common factor of n and s?
9
Let q(o) = 28*o + 24. Let s be q(15). Suppose -2*i - 10*i = -s. What is the highest common factor of 148 and i?
37
Let y(d) = 6*d + 12. Let g be y(10). Let b be (-7 - 1)/(-4) - (1 + -8). What is the highest common divisor of b and g?
9
Suppose -9 = -7*d + 19. Suppose -103 = -d*r - 5*j + 24, 0 = 4*r + j - 115. Let o = -55 + 111. Calculate the greatest common divisor of o and r.
28
Let z be 2 - -341 - 0/9. Let f = 603 - z. Calculate the greatest common factor of 26 and f.
26
Let c = 16 - -71. Let l = -76 + c. What is the greatest common divisor of l and 275?
11
Let y(g) = 105*g + 10. Let f be y(2). What is the greatest common divisor of f and 88?
44
Suppose 3*b = 162 - 6. Suppose 16*h = 43*h - 351. What is the greatest common divisor of b and h?
13
Let x = 789 - 419. What is the highest common divisor of 111 and x?
37
Let o = 286 - 282. Calculate the highest common factor of o and 64.
4
Suppose 8 = 4*l + 2*x, -4*l - 7 = 4*x - 15. Let t be l/(-2 - (-17)/8). Calculate the highest common factor of t and 4.
4
Suppose -l - 71 = -4*c + 84, 3*l = 3*c - 123. Calculate the greatest common divisor of c and 76.
38
Suppose -2*p - 2*p = -16. Let x(c) = 2*c**3 - 2*c**2 - 2*c - 8. Let u be x(p). Let b(n) = n + 5. Let a be b(5). What is the greatest common factor of u and a?
10
Let m be (-4)/(-6)*29*3. Suppose 2*r = -2*k + 28, -5*r + 0*k = -k - m. Calculate the greatest common divisor of 60 and r.
12
Let c = -9 + 24. Let o = -9 + c. Suppose -2*a - 26 = -3*z - o*a, 5*z = -a + 66. What is the greatest common divisor of z and 2?
2
Suppose 2*s + 294 = 2*n, -129 - 10 = -n - s. Let v = 0 - -13. What is the greatest common divisor of v and n?
13
Let y = -5757 + 5769. Suppose 3*a - 16 = -a. Suppose -a*h + 8 = 0, -3*i + 4*h + 217 = -99. What is the highest common divisor of y and i?
12
Let b(p) = -p**3 + 16*p**2 + 32*p + 84. Let t be b(18). Calculate the highest common divisor of t and 294.
6
Let z be (6 - (-120)/(-18))*-567. Calculate the greatest common factor of z and 14.
14
Suppose -h = -r + 82, 2*r - h = -2*h + 158. Suppose -5*w = -4*w - r. What is the highest common divisor of w and 10?
10
Let c(s) = -s + 18. Let h be c(7). Suppose -17 - h = -5*k + 2*y, -2*k - 3*y = 4. Calculate the highest common factor of 20 and k.
4
Let g = 49 - 26. Let h be 1/(4/(4*g)). Suppose 9*z + 104 - 518 = 0. Calculate the greatest common factor of h and z.
23
Let n = 1258 + -1116. Calculate the highest common factor of n and 3266.
142
Suppose 140*o = 129*o + 22. Suppose 5*d = -5*f - 25, -5*d = -f + 2*f + 25. Let r be (-1)/(f - (-2)/(-44)). Calculate the highest common divisor of o and r.
2
Let j = -1055 + 1280. Calculate the greatest common divisor of 9 and j.
9
Let f = 99 - 60. Suppose 12*b = 11*b + f. What is the greatest common divisor of b and 429?
39
Suppose -3*o = -15, -3*m + 2*m - o - 25 = 0. Let c = 6 - m. Suppose 2*u - 48 = 5*h - 5, 2*u - 46 = 2*h. What is the highest common factor of c and u?
12
Suppose 83*d - 117 = 962. Calculate the highest common factor of 1599 and d.
13
Let a be 1/((-8)/(-138)) + (-63)/(-84). Suppose -4*s = -2*o + 400, 4*o - s + 2*s - 791 = 0. What is the highest common factor of a and o?
18
Suppose 0 = 4*x - x + 18. Let y be 1/(-3)*x - -8. Let j be (-35)/7*(-12)/y. Calculate the highest common factor of j and 6.
6
Suppose v = 2*k, -k - k + 4 = 0. Suppose 0*l - 5*z = -5*l, -5*l - 4*z + 18 = 0. Calculate the highest common divisor of l and v.
2
Let x be ((-4)/16)/((-21)/1764). What is the greatest common divisor of 231 and x?
21
Let c = -1325 - -1365. Calculate the highest common factor of c and 740.
20
Suppose -1 = n + 5*w + 9, -n = -5*w - 10. Suppose 2*c + 14 + 14 = n. Let g be (1 - 3)*49/c. Calculate the highest common factor of 49 and g.
7
Let g = -784 - -1152. What is the highest common factor of g and 64?
16
Suppose -67 = 4*c + 213. Let r = 100 + c. What is the highest common divisor of r and 330?
30
Suppose 3*y + 6*m = 8*m + 50, m = 4*y - 75. What is the greatest common factor of y and 65?
5
Let f = -43 - -197. Suppose -3*i - 2*a + 5 = 0, -3*i + 5*a = i - 22. Suppose 62 = 3*n - x - i*x, 48 = 2*n - 4*x. What is the greatest common divisor of n and f?
14
Suppose 0 = -j - 2*x - 9, 5*j - 5*x + 16 = 2*j. Let q = j + 2. Let c be (-1 - -4) + (-2 - q). What is the highest common divisor of c and 3?
3
Suppose -26*s = -35*s + 10179. What is